atest common divisor of u and 3159.
39
Suppose -4*u - 21*f - 32 = -16*f, 7*f = -u - 54. Let q = 92 + -52. Calculate the greatest common divisor of u and q.
2
Suppose 13*j - 7*j - 1236 = 0. Calculate the greatest common divisor of 6 and j.
2
Suppose 2 + 3 = -5*t, -3*t = k - 47. Suppose -6*w - k = -572. What is the highest common factor of w and 290?
29
Suppose -2*h + 416 = 6*h. Let o = 44 + h. Let j be (-200)/(-6) - 16/12. What is the greatest common divisor of o and j?
32
Let a = 61 + -51. Calculate the highest common factor of a and 114.
2
Let a(l) = l**3 - 5*l**2 - 3*l. Let w = -96 - -99. Suppose -18 = -6*f + w*f. Let r be a(f). What is the highest common divisor of 9 and r?
9
Let d(o) = 9*o**2 - 893*o + 55. Let v be d(100). Calculate the highest common factor of 7097 and v.
151
Let t(p) = -2*p + 8. Let q be t(-6). Suppose 0*m + 2*o + q = 3*m, 3*m - 4*o = 28. Let d be -57*((-52)/12 + m). Calculate the highest common factor of 152 and d.
19
Let x(b) = 7*b - 5*b - 36 - 5*b. Let s(o) = o + 18. Let j(a) = 5*s(a) + 2*x(a). Let n be j(14). What is the greatest common factor of 20 and n?
4
Suppose -7*n = p - 8*n - 98, 3*p = -3*n + 264. Suppose 68*o + 1100 = p*o. What is the highest common divisor of o and 8?
4
Suppose -4*m + 8 = -0. Suppose 5*d = -5*w, 2*w = -0*w - 4*d - 8. Suppose -6 = -3*q - w*h, -h + 2*h + 2 = q. What is the greatest common factor of q and m?
2
Let s = 2428 - 2240. Calculate the greatest common factor of 1504 and s.
188
Let h(q) = -30*q - 1046. Let w be h(-37). What is the highest common divisor of w and 19?
1
Suppose n + 2*j - 3 = 27, 0 = -4*n - 4*j + 140. Let a = n + -24. Let l be (24/a)/(6/40). What is the highest common divisor of 10 and l?
10
Let j(o) = o**2 - 9*o + 14. Let z be j(7). Suppose -420 = -z*p - 4*p. Let k = p + -86. What is the greatest common divisor of k and 247?
19
Let k be (10 - (12 + -13)) + 71. Calculate the highest common divisor of k and 5330.
82
Let k be ((-1)/4)/(((-1404)/3168)/39). Suppose 182 + 49 = 3*f. What is the highest common divisor of k and f?
11
Let l(f) = -7*f**3 - 4*f**2 + 1. Let i be l(-2). Suppose -5*h = -2*y - 208, 4*h - 131 - i = -4*y. What is the greatest common factor of h and 56?
14
Let n be (56/(-12) + 2)*3/(-2). Let j be n/16 - 11*9/(-4). Suppose 119 = 6*r - j. What is the highest common factor of 6 and r?
6
Suppose -16*u - 25*u - 18*u = -10089. Calculate the highest common divisor of u and 513.
171
Let d = -6803 - -7106. Calculate the greatest common factor of 96 and d.
3
Suppose -2*q = -10*q + 144. Suppose -4*h = -2*b + 66 + 14, -5*h = -2*b + 82. Calculate the greatest common factor of q and b.
18
Suppose -200*y - 1085 = -231*y. Let i(b) = b**2 + 2*b + 2. Let o be i(-3). Suppose -o*p + 80 = -y. What is the highest common factor of 92 and p?
23
Suppose 4*c + 2*g = 4244, 3*c + 66*g - 69*g - 3174 = 0. Calculate the greatest common divisor of c and 4452.
212
Suppose 0 = -409*t + 531*t - 4849256. What is the highest common divisor of t and 38?
38
Suppose 39*z - 390 = 21*z - 60*z. What is the highest common divisor of 6470 and z?
5
Let f be 4/(-12)*-3 + 3. Suppose d + f = 3*d. Let v(p) = 6*p**3 - 3*p**2 - 1. Let b be v(d). What is the greatest common factor of b and 5?
5
Suppose 4*i - 2495 = 3*q - 3111, 805 = 4*q - 3*i. What is the highest common factor of q and 532?
28
Let l = -105 - -79. Let q = -19 - l. Let x be (q/2 - 1 - -3)*40. What is the greatest common factor of 20 and x?
20
Suppose -2*g - 46488 = -4*h, -4*h = -4*g - 2421 - 44063. What is the highest common divisor of 59 and h?
59
Let c = -1 - -2. Let u be -23 + (43 - (27 - 36)). What is the greatest common factor of u and c?
1
Suppose 5*y + 10*i - 5351 = 9*i, 0 = -4*y - 2*i + 4276. What is the highest common factor of y and 315?
63
Suppose -2*o - l - 522 = 0, 5*o = 7*o + 4*l + 516. Let y = 302 + o. What is the greatest common divisor of 320 and y?
40
Let h(w) = 345*w + 839. Let p be h(-1). Calculate the greatest common divisor of p and 646.
38
Suppose 34 = 12*k - 134. Let u = 32 - k. What is the highest common factor of 144 and u?
18
Suppose 130*y + 132*y = 277*y - 2925. What is the highest common divisor of y and 2400?
15
Let k(y) = 26*y + 46. Let n be k(-3). Let j(p) = 3*p**2 + p - 3. Let o be j(4). Let h = o + n. What is the highest common factor of 85 and h?
17
Let a = -1535 - -2699. What is the greatest common divisor of 24 and a?
12
Suppose 0 = d - 5*d - 12. Let w = 67 - d. Let i = w - 34. What is the highest common factor of 4 and i?
4
Let v be (-2 - (-16)/11)/(367/(-92851)). Let k(s) = 15*s. Let x be k(2). Calculate the greatest common divisor of x and v.
6
Suppose 11225 - 4221 + 10762 = 126*s. Calculate the greatest common divisor of 3901 and s.
47
Suppose k - 4*l - 46 = 0, 3*l + 123 = -5*k + 468. Suppose 7*y - 269 + k = 0. Let p = 42 - y. What is the greatest common factor of p and 104?
13
Let j(r) = -r**2 - 2*r + 4. Let y be j(-5). Let q = y - -26. Let t = -19 + 79. Calculate the highest common divisor of q and t.
15
Suppose -2*h - 123 = -3*b, -36 = -2*b + h + 48. Let w = 4 + -4. Suppose -5*j - 49 + 139 = w. What is the highest common factor of b and j?
9
Suppose 95 = -16*i + 43 + 196. What is the greatest common divisor of 4203 and i?
9
Let v = 12119 + -11965. Calculate the highest common divisor of v and 56.
14
Suppose 101*j - 106*j + v = -156, -2*j + 48 = -4*v. Suppose 8*g + 5*g - 364 = 0. What is the greatest common divisor of j and g?
4
Let m(g) = -86*g. Let k be m(2). Let i = 196 + k. Calculate the highest common factor of 80 and i.
8
Let v = -16569 - -23723. Calculate the highest common divisor of v and 98.
98
Suppose 48 = 4*g - 4. Suppose g*r - 6*r = -875. Let s = r + 143. What is the highest common factor of 144 and s?
18
Let u(q) = 23*q - 34. Let f be u(2). Let m be (-18)/81 - (-1734)/27. What is the highest common factor of f and m?
4
Suppose 0*h + 19 = h. Let i be (-7 + (-24540)/(-140))/(4/14). What is the greatest common divisor of i and h?
19
Let y be -14 + 28 - (-8)/2. Let f = -7 + y. Suppose -3*c - f + 299 = 0. Calculate the highest common divisor of c and 12.
12
Let t(f) = 83*f**3 - 2*f**2 + 1. Let o be t(1). Suppose -621 = -37*v + 34*v - x, -1013 = -5*v + 2*x. What is the greatest common divisor of v and o?
41
Suppose 0 = 3*m - 260 + 212. Calculate the highest common factor of m and 136.
8
Suppose -6*z + 1060 = -2*z - 3*g, 2*z = -g + 520. Suppose 6*o - z = 110. Calculate the greatest common divisor of 341 and o.
31
Suppose s = -4*h + 111, 10*s - 4*h - 186 = 8*s. Let b(p) = 2*p**2 + 4*p + 2. Let u be b(-4). What is the greatest common divisor of u and s?
9
Suppose -5*l + 7306 = -5*y + 46, 1470 = l + 2*y. Calculate the greatest common factor of l and 432.
54
Let b = -11060 - -11160. Suppose 0 = q - 0*q - 7. Suppose -3*n - q + 67 = 0. What is the greatest common divisor of n and b?
20
Suppose -29*i = -28*i + 19*i - 320. Let m = -136 - -264. What is the highest common factor of i and m?
16
Let v = 1957 + -1939. Calculate the greatest common factor of 171 and v.
9
Let f(x) = 3905*x - 23417. Let p be f(6). Let m be 2 + 374 - 1*-1. Calculate the highest common divisor of m and p.
13
Suppose 51*s + 275 = 56*s. Suppose -22*d = -7*d - 165. What is the greatest common divisor of s and d?
11
Let u = -28 + 60. Let o(l) = -3*l**2 - l + 28. Let b be o(-7). Let m = b - -120. What is the greatest common factor of m and u?
8
Let j be -12 + (-4558)/(-371) - (-6)/(-14)*-788. Calculate the highest common divisor of 104 and j.
26
Suppose 99*h - 104*h = -25. Let p(a) = 17*a - 44. Let r be p(h). Calculate the highest common divisor of 328 and r.
41
Suppose -2*k - 15*h + 16*h + 298 = 0, 2*h + 300 = 2*k. Let y be (-6 - -3)/((-6)/k). What is the highest common divisor of y and 148?
74
Let g be -1*(-3 - -14) - -211. What is the greatest common factor of g and 32?
8
Let y(r) = -r**3 + 10*r**2 - 18*r + 20. Let j(k) = k**2 - 7*k - 11. Let l be j(9). Let o be y(l). Calculate the highest common divisor of 123 and o.
41
Let m = 4206 - 3654. Calculate the highest common divisor of 759 and m.
69
Suppose -56*f + 23*f = -561. What is the greatest common divisor of f and 3?
1
Let v(s) = -5*s + 100. Let j be v(14). Let u be (8 + j/(-5))*14. What is the highest common factor of u and 252?
28
Suppose 3*i = 7*i - 208. Let p be 0/(-4) 